= -5. What is m(p)?
-13
Let k be 0 + 1*(-8)/4*-1. Let z(u) = -31 - u**3 + 30 - k*u**3 - 2*u. Determine z(-1).
4
Let t(x) = -x**3 - 5*x**2 - x - 5. Let i(m) = -3*m**2 - 25*m - 7. Let w be i(-8). Let a be (8/(-1))/2 - w. Determine t(a).
0
Suppose 9 = 3*d - 6. Let a(c) = -c**2 - 6. Calculate a(d).
-31
Let k(t) = 4*t - t**2 + 3*t**2 - 3*t**2. Suppose -232 = -16*g + 20*g. Let z = g - -62. Give k(z).
0
Let n(i) be the third derivative of i**6/120 + i**5/15 + i**4/24 - 2*i**3/3 - 2*i**2. Suppose 2491*o - 2482*o = -36. Give n(o).
-8
Suppose 2*s + 8 = 2. Let g be (6/(-18))/(s/54). Let t(w) = -g*w + 16*w - 11*w. Give t(-2).
2
Let c = 17 - 6. Let a(w) = -68 + 131 - c*w - 64. Give a(1).
-12
Let h = -36 + 36. Suppose h = -6*s + 25 + 11. Let v(d) = d**2 - 8*d + 7. Determine v(s).
-5
Let l(r) = -2*r**2 + 8*r - 5. Let h be (-4)/(-6)*(-2 + 9 + 2). Give l(h).
-29
Let s(l) = l**3 + 5*l**2 - l + 10. Let g(i) = -i**3 - 5*i**2 - 11. Let h(f) = 4*g(f) + 5*s(f). Calculate h(-6).
0
Let q(w) = -w**2 - 4*w + 5. Suppose 3*c + 5*m + 6 = 0, 58 = -4*c + 5*m + 15. Give q(c).
-16
Let b(j) be the second derivative of 5/12*j**4 + 0 - 1/20*j**5 - 6*j - 1/6*j**3 + 3/2*j**2. Let q be (-1)/(3 + 52/(-16)). Determine b(q).
15
Let s(r) = 2*r**3 + 17*r**2 + 8*r + 2. Let i be (-102 - -114)*(-1 + (-1)/(-3)). Calculate s(i).
2
Let h(z) = 30*z - 5 - 2 - 28*z. Let v = 10 - 5. Give h(v).
3
Let j be 54/90 - (-17)/5. Suppose 0 = 4*u + 3*p + 16, -j*u + 5*p + 16 = -0*u. Let q(l) = 3*l**2. Calculate q(u).
3
Suppose 3*d - 4*q = 7, 13 + 0 = 3*d - q. Suppose 4*k = -5*i - 28, -5*i - d*k = -6*k + 43. Let f(r) = r**3 + 7*r**2 - 10*r - 12. What is f(i)?
4
Let g(y) = y - 1. Let j(q) be the third derivative of -q**4/6 - 10*q**3/3 + 49*q**2. Let t be j(-6). Calculate g(t).
3
Let z(h) be the third derivative of -h**8/3360 - h**7/504 - h**6/240 + h**5/30 + 43*h**4/24 - 30*h**2. Let l(m) be the second derivative of z(m). Give l(-3).
22
Let h(b) = 0*b**2 + 13 - 6*b + 0*b**2 - 5 - b**2 - 15. Determine h(-6).
-7
Let b(k) = 5*k - 3*k**3 - 3 + 2*k**3 - 1 - 2459*k**2 + 2454*k**2. What is b(-6)?
2
Let h(r) = -4*r**2 - r + 14. Let l be 10*(-2)/16*-4. Suppose 2 = l*j - 3*j. Let k(m) = -m**2. Let d(s) = j*h(s) - 3*k(s). Calculate d(0).
14
Let w(r) = r**2 - 6*r + 6. Suppose 4*a - 2*a + 5 = -5*q, -2*q = 3*a - 9. What is w(a)?
1
Let w(l) = 1. Let v(a) be the third derivative of a**4/24 - 2*a**3/3 - 12*a**2. Let u(z) = -v(z) - 4*w(z). Give u(6).
-6
Let f(x) be the third derivative of -x**6/120 + x**5/12 - x**3/3 + 119*x**2. What is f(5)?
-2
Let o(r) = -156 + r**2 + 83 + 79 - 3*r - 9*r. Determine o(11).
-5
Let u(a) = -10*a**3 - a**2 - 2*a - 2. Let h = 2 + -1. Let l(d) = -116*d**3 - h + 2 + d + 117*d**3. Let k(t) = -2*l(t) - u(t). What is k(-1)?
-7
Let b(c) be the first derivative of -c**4/4 - 2*c**3 - 5*c**2/2 - 3*c - 34. Calculate b(-4).
-15
Let p(w) = 7*w - 40. Let a(q) = -21*q + 120. Let c(t) = 4*a(t) + 11*p(t). Let k be c(7). Let g(f) = f**2 + 9*f - 11. Determine g(k).
-11
Let k(b) = 35*b - 101*b + 30*b + 23 + 37*b. Determine k(-6).
17
Let f(d) = -3*d**2 - 3. Let l(g) = -10*g**2 - 10. Let j(b) = -7*f(b) + 2*l(b). Suppose -500 = -10*w - 480. What is j(w)?
5
Let o(v) = -v**3 + 4*v**2 - 5*v + 10. Suppose 2*m + 5*w - 22 = 9*w, -4*m - 3*w = 0. Give o(m).
4
Let z be (1*(-3)/(-2))/((-120)/(-160)). Let y(i) = i**3 + 74*i**z + 78*i**2 - 13 - 163*i**2 + 12*i. Calculate y(10).
7
Suppose i = -1 + 3. Suppose 2*j = -5*w + 3*j + 2, 3*w = -i*j + 9. Let g(z) = -z**2 + 8*z. Let n(o) = 48*o - 1. Let m(h) = -6*g(h) + n(h). Calculate m(w).
5
Let p(m) = -22*m**2 + 15*m**2 + m - 16*m**2. Determine p(-1).
-24
Let a = -11/5 - -9/4. Let x(u) be the third derivative of -1/24*u**4 - 4*u**2 + 0 + 0*u + a*u**6 + 0*u**5 - 1/6*u**3. What is x(-1)?
-6
Let f(w) = -w**2 + 7*w - 15. Suppose 24*v - 265 = -121. Determine f(v).
-9
Let v be (-2 - -5)*(-6)/(-9). Let l(f) = 3*f - v + 6 - 2*f + 0*f. Calculate l(5).
9
Suppose y = -4*k + 17, -6*y - 24 = -3*y - 3*k. Let n be 14/y - (-28)/(-21). Let r(d) = 2*d + 1. Let a(i) = -2. Let g(h) = -2*a(h) + 2*r(h). Give g(n).
-18
Let o(c) = -9*c - 12*c + c**3 + 22*c - 8. What is o(0)?
-8
Suppose 5*w + 5*l + 1 = 41, 5*l = -2*w + 10. Let d(g) = 2*g**2 + w*g - g**2 + 0*g**2 - 6*g - 1. Let m be 0/(-3) - (3 + 0). Calculate d(m).
-4
Let n(z) be the third derivative of -z**4/24 + z**3/3 + 2*z**2 - 112. Calculate n(-11).
13
Let y(m) = 13 + 0 - m - 5 - 4 - 8 - 2*m**2. What is y(3)?
-25
Let l = 31 - 18. Suppose 10*h + 11 = 5*h - 2*u, 2*h = 5*u + l. Let o be (-8)/4 + 0 + h. Let q(c) = -2*c - 2. Determine q(o).
4
Let x(f) = -7*f + 2. Let n(h) = -13*h + 34*h - 13*h - 2. Let k(i) = 2*n(i) + 3*x(i). Give k(-2).
12
Let g(v) = -v**3 + 17*v**2 + 17*v + 14. Let b be (-5 - (-3 - (14 + -6)))*3. Determine g(b).
-4
Let i = 472 - 475. Let m(a) = -2*a**2 + 2. Calculate m(i).
-16
Let w(l) be the second derivative of -9*l**5/5 - 4*l + 13. Give w(-1).
36
Let c = -27 + 19. Let o be 52*2*(-1)/c. Let i(g) = -o - g**3 - 7*g + 3 - g**2 - 7*g**2. What is i(-7)?
-10
Let a = -11/6 + 2. Let o(q) be the second derivative of -q**2 + a*q**3 - 4*q + 0. Give o(6).
4
Let o(y) be the second derivative of y**5/40 + 10*y**3/3 - 25*y. Let h(f) be the second derivative of o(f). Give h(2).
6
Let a(u) = 7*u**3 - 6*u**2 + 9*u - 11. Let w(y) = 16*y**3 - 13*y**2 + 19*y - 23. Let z(i) = -9*a(i) + 4*w(i). What is z(-4)?
-5
Let x = 2 + 0. Suppose 4*h - 23 = -f, x*f + 2*f = -2*h + 22. Let n(a) = -4*a**2 - 2*a**f + 3 - 5*a**3 + a + 6*a**3. Give n(-4).
-1
Let x(c) = -c**2 + c. Let z(a) be the first derivative of -5*a**3/3 + 2*a**2 - 8*a + 10. Let d(v) = -6*x(v) + z(v). Give d(6).
16
Let f(n) = 11*n**3 + 11*n**2 - 20*n + 46. Let c(a) = -5*a**3 - 6*a**2 + 10*a - 22. Let q(z) = -9*c(z) - 4*f(z). Calculate q(-11).
3
Suppose -16*r - 10 - 22 = 0. Let j(z) = -9*z**2 + 3*z - 1. Let t(w) = 17*w**2 - 5*w + 2. Let l(g) = 11*j(g) + 6*t(g). Determine l(r).
7
Let v(s) = -7*s**3 - 9*s**2 + 7*s. Let c(n) = -n**3 - n**2 - 1. Let r(o) = -6*c(o) + v(o). Calculate r(-4).
-6
Let c(d) be the third derivative of -d**5/60 + d**4/24 - d**3/6 - 130*d**2. Give c(-1).
-3
Let c(z) = -z**2 + z + 2. Let j(i) be the second derivative of -5/2*i**2 + 0 - 1/6*i**3 + 4*i. Let v be j(-3). What is c(v)?
-4
Let c be (944/(-2124))/(4/(-54)). Let f(u) = 5 + u**3 - 6*u**2 + 0*u**2 - 2 - u. Determine f(c).
-3
Let o(p) = 0*p**2 + 18 + 4*p**2 + 0*p**2 - p**3 - 20 + 3*p. Determine o(4).
10
Let o(z) = -9*z**3 - 2*z - 1. Suppose x = 26*x + 25. Give o(x).
10
Let i(b) = 7*b**2 - 4 + 3 - 4*b**2 - 8*b - 2*b**2 + 0*b**2. Give i(8).
-1
Let p be (-1)/3*0 - 32/(-16). Let g(h) = 4*h - 3. What is g(p)?
5
Let n = -30 + 29. Let v(s) = 3*s**2 - 2*s - 2. Calculate v(n).
3
Suppose 4*y - 5*f - 153 = y, 2*y + 4*f = 102. Let t(k) = 3 + y*k**2 + 3 - 3*k - 50*k**2. What is t(4)?
10
Let a(r) be the first derivative of -r**6/120 - r**5/60 - r**4/24 - r**3/6 - 15*r**2 - 8. Let y(p) be the second derivative of a(p). What is y(-1)?
0
Let p be (2 - -2)*(-6)/4. Let i be 8/p*126/12. Let v = 14 + i. Let z(n) = n**2 + n - 1. What is z(v)?
-1
Suppose -1 = -2*y - 3*g + 4, 0 = g - 1. Let r(q) = q - 1. Let d(t) = 3*t - 6. Let b(o) = y*d(o) - 6*r(o). Calculate b(-2).
6
Let z = 159 + -161. Let b(a) = -2*a**3 + 3*a**2 - 2. Calculate b(z).
26
Let w(i) = -i**2 + 3. Let u(h) = 15*h**2. Let p be u(1). Suppose -p*m + 15 = -10*m. Give w(m).
-6
Let f(v) = 1 - 2 - 1755*v**2 + v + 1758*v**2. What is f(1)?
3
Let p(v) = 3*v. Suppose 24 = -95*m + 99*m. Give p(m).
18
Let n(x) = x + 1. Suppose 19 = -2*d + 25. Suppose -t + 10 = -d*g - 2, 6 = -2*t - 4*g. What is n(t)?
4
Suppose -5*h + 2 = -3. Let d be ((56*h)/(-4))/1. Let y = -17 - d. Let w(s) = s**3 + 2*s**2 - s + 2. What is w(y)?
-4
Let x(k) = 17 + 1 + 80*k - 67*k - 2 - k**2. What is x(15)?
-14
Let z(x) = 4*x - 97. Let h be z(25). Let o(y) = -12*y + 3. What is o(h)?
-33
Let n(o) be the third derivative of -o**6/120 + o**5/10 - o**4/8 + o**3/2 - 37*o**2 - o. Calculate n(6).
-15
Let j(m) be the first derivative of 17*m**3/3 - m**2 + m + 68. What is j(1)?
16
Let w = 3 + -5. Let b = w + 2. Suppose -4*q + 4 + 0 = b. Let m(u) = -12*u - 1. Calculate m(q).
-13
Suppose 5*p + 7*s = 2*s + 20, 0 = -2*p - 4*s + 18. Suppose 0 = 6*n - 5 - 7. Let q(g) = 9*g + 4 - 4 - n*g + 1. Determine q(p).
-6
Let c(o) = o**2 - 6*o + 7. Let v(z) be the s